e number?
True
Is 26654461 a prime number?
False
Is 6877171 prime?
False
Is 19196167 a prime number?
True
Is 1008795847 a composite number?
True
Is 30084269 a prime number?
True
Is 268409 a composite number?
True
Is 690917 a prime number?
False
Is 29027093 a prime number?
False
Is 775253 prime?
False
Is 555707639 a prime number?
True
Is 5319367 composite?
True
Is 11233639 a prime number?
False
Is 12993887 a composite number?
False
Is 554365229 prime?
False
Is 8436482 a prime number?
False
Is 1771687 a prime number?
True
Is 6628187 composite?
True
Is 2485641 prime?
False
Is 5382137 prime?
False
Is 141919595 a prime number?
False
Is 6608683 composite?
False
Is 7144331 composite?
False
Is 1042039043 a prime number?
True
Is 1306961 a prime number?
True
Is 456631783 a prime number?
True
Is 124990737 a prime number?
False
Is 7949861 prime?
True
Is 207475159 a composite number?
True
Is 2725978 a prime number?
False
Is 17631541 composite?
False
Is 398969 composite?
False
Is 14406643 a prime number?
True
Is 853069 a prime number?
False
Is 2975741 a composite number?
False
Is 2539739 prime?
False
Is 4707527 composite?
True
Is 184293113 a prime number?
False
Is 479741 a composite number?
True
Is 6976969 a prime number?
False
Is 320144183 a composite number?
True
Is 8882693 a composite number?
False
Is 20311541 prime?
False
Is 169852043 prime?
False
Is 29883583 a prime number?
False
Is 50174797 prime?
False
Is 103476523 a prime number?
False
Is 41720669 a prime number?
False
Is 19808651 composite?
True
Is 250186721 a composite number?
False
Is 9025799 a prime number?
False
Is 451627 a composite number?
True
Is 21316467 a composite number?
True
Is 497630395 composite?
True
Is 13282037 prime?
False
Is 334590449 a prime number?
True
Is 130868173 prime?
False
Is 944494 prime?
False
Is 341671523 a composite number?
False
Is 2011271 a composite number?
True
Is 4522451 composite?
True
Is 19680077 a composite number?
False
Is 3974155 composite?
True
Is 1343151011 a prime number?
False
Is 4071421 prime?
True
Is 199633139 composite?
True
Is 10839583 a prime number?
False
Is 23008945 a composite number?
True
Is 338696873 prime?
False
Is 10712863 prime?
False
Is 2641003 a composite number?
True
Is 1786649 a prime number?
False
Is 18581146 composite?
True
Is 2426854 a prime number?
False
Is 9752687 a composite number?
True
Is 5262989 a prime number?
False
Is 298162262 a composite number?
True
Is 696343 a composite number?
False
Is 2314289 a composite number?
True
Is 167204651 prime?
True
Is 166180459 composite?
True
Is 340409621 a composite number?
True
Is 23358499 a prime number?
True
Is 1617689 prime?
True
Is 21519447 a prime number?
False
Is 35716253 composite?
True
Is 14032199 prime?
True
Is 10074787 composite?
True
Is 2270363 a prime number?
False
Is 843839 prime?
False
Is 4651057 composite?
True
Is 8662441 a prime number?
True
Is 27985253 composite?
False
Is 251753537 a composite number?
True
Is 150093197 a prime number?
True
Is 653339 a prime number?
True
Is 175890283 prime?
False
Is 13428337 a prime number?
False
Is 901469 composite?
True
Is 241073519 composite?
False
Is 282307027 a prime number?
True
Is 732497 prime?
True
Is 250210957 composite?
False
Is 626549761 composite?
False
Is 4773017 composite?
True
Is 29997547 a prime number?
False
Is 3602971 prime?
True
Is 22903753 prime?
False
Is 187726081 a composite number?
True
Is 37169221 a composite number?
False
Is 91886 a composite number?
True
Is 10858013 a prime number?
False
Is 336733513 composite?
False
Is 37499557 prime?
False
Is 3091873 a prime number?
True
Is 6581947 composite?
True
Is 164599507 a prime number?
True
Is 19911011 a composite number?
True
Is 9673429 a composite number?
True
Is 86997973 prime?
True
Is 277373 a composite number?
False
Is 1373761 composite?
False
Is 645787 prime?
True
Is 111764713 a composite number?
False
Is 72874099 a composite number?
True
Is 42803293 a prime number?
False
Is 111803 a composite number?
True
Is 153210214 prime?
False
Is 316371845 prime?
False
Is 9696167 a prime number?
False
Is 240941 prime?
False
Is 338278537 a composite number?
True
Is 24690083 prime?
False
Is 31863863 a composite number?
False
Is 212375617 composite?
True
Is 91156643 prime?
False
Is 148821641 a prime number?
True
Is 2736863 a composite number?
False
Is 59807317 composite?
True
Is 3351149 a composite number?
True
Is 26561453 composite?
False
Is 6600557 a prime number?
True
Is 1240787 a prime number?
False
Is 10170443 a prime number?
True
Is 16705631 a composite number?
True
Is 1404191 a prime number?
True
Is 82776131 prime?
False
Is 3134869 composite?
True
Is 287977 prime?
True
Is 618187 composite?
True
Is 483887 composite?
True
Is 5926441 composite?
True
Is 3153569 a composite number?
False
Is 4400959 composite?
False
Is 11128811 a prime number?
True
Is 610103921 a composite number?
True
Is 8901005 composite?
True
Is 2960509 composite?
False
Is 8037613 prime?
False
Is 10526023 a prime number?
True
Is 133897 a composite number?
True
Is 3683219 prime?
False
Is 24141673 composite?
True
Is 469836977 a prime number?
True
Is 5030939 composite?
False
Is 10099 a composite number?
False
Is 3509113 a composite number?
False
Is 56097101 a prime number?
False
Is 772949 composite?
False
Is 1557911 prime?
False
Is 857137 a composite number?
False
Is 5586227 a prime number?
True
Is 443348131 a prime number?
False
Is 807869 prime?
True
Is 6359201 prime?
False
Is 7883063 a prime number?
True
Is 1705915963 a composite number?
False
Is 11220499 a prime number?
False
Is 18230287 a prime number?
True
Is 7646149 composite?
True
Is 3237851 composite?
False
Is 113703143 a composite number?
False
Is 8936299 composite?
True
Is 4675469 composite?
True
Is 131426123 prime?
False
Is 6303581 prime?
True
Is 1927879 a prime number?
True
Is 674351 composite?
True
Is 135703 a prime number?
False
Is 30175733 a prime number?
False
Is 108859589 a prime number?
False
Is 624391 composite?
False
Is 6420173 prime?
True
Is 100488197 a prime number?
True
Is 14136113 a composite number?
False
Is 14936371 a prime number?
False
Is 1743271 prime?
True
Is 5830817 a prime number?
False
Is 48086263 a composite number?
True
Is 21137401 a prime number?
False
Is 1724527 a composite number?
True
Is 8012789 prime?
True
Is 15202051 composite?
True
Is 168283771 a prime number?
True
Is 26648957 a prime number?
True
Is 2004311 prime?
False
Is 212839069 a composite number?
False
Is 416921 a composite number?
True
Is 1060982501 a prime number?
True
Is 125262926 a prime number?
False
Is 32719 a prime number?
True
Is 11378599 a composite number?
False
Is 2770879 a composite number?
True
Is 11285707 a composite number?
True
Is 215848663 a prime number?
False
Is 26439511 prime?
False
Is 130745273 prime?
False
Is 5701323 prime?
False
Is 125669759 prime?
True
Is 4786637 prime?
False
Is 1743589 prime?
True
Is 175655141 prime?
False
Is 43737961 composite?
False
Is 248918611 a composite number?
True
Is 4797809 a composite number?
True
Is 68582659 a prime number?
True
Is 225947 a composite number?
True
Is 277643545 a composite number?
True
Is 3716747 prime?
True
Is 84536773 composite?
False
Is 64160015 a prime number?
False
Is 3462517 composite?
False
Is 28499294 prime?
False
Is 156653443 prime?
True
Is 55008553 prime?
False
Is 2675633 composite?
False
Is 1038319 composite?
False
Is 98597 composite?
False
Is 27709919 composite?
False
Is 2778283 composite?
True
Is 871965647 prime?
False
Is 4965761 prime?
True
Is 26491637 composite?
False
Is 112377689 a prime number?
True
Is 1342241 composite?
False
Is 4720567 composite?
True
Is 656635291 a prime number?
False
Is 98397202 prime?
False
Is 1287859 composite?
True
Is 29862983 a composite number?
False
Is 5270443 composite?
False
Is 44758249 composite?
False
Is 8123321 a composite number?
False
Is 230067997 prime?
True
Is 56304977 prime?
False
Is 63812999 composite?
False
Is 46136861 prime?
False
Is 5472763 composite?
False
Is 209518329 composite?
True
Is 5110901 a prime number?
False
Is 170577293 a composite number?
False
Is 10462817 a prime number?
True
Is 5280791 a prime number?
True
Is 3277973 prime?
False
Is 81895127 a composite number?
True
Is 657943697 a prime number?
False
Is 14690267 prime?
True
Is